{"id":60,"date":"2024-03-08T16:06:36","date_gmt":"2024-03-08T19:06:36","guid":{"rendered":"https:\/\/andressadannemannpsi.com.br\/site\/?page_id=60"},"modified":"2024-04-05T10:06:39","modified_gmt":"2024-04-05T13:06:39","slug":"blog","status":"publish","type":"page","link":"https:\/\/andressadannemannpsi.com.br\/site\/blog\/","title":{"rendered":"Blog"},"content":{"rendered":"<div id=\"pl-60\"  class=\"panel-layout\" ><div id=\"pg-60-0\"  class=\"panel-grid panel-has-style\" ><div class=\"siteorigin-panels-stretch panel-row-style panel-row-style-for-60-0\" data-stretch-type=\"full\" ><div id=\"pgc-60-0-0\"  class=\"panel-grid-cell\" ><div id=\"panel-60-0-0-0\" class=\"so-panel widget widget_wpsp_widget panel-first-child panel-last-child\" data-index=\"0\" ><div class=\"panel-widget-style panel-widget-style-for-60-0-0-0\" ><style>.wp-show-posts-columns#wpsp-210 {margin-left: -2em; }.wp-show-posts-columns#wpsp-210 .wp-show-posts-inner {margin: 0 0 2em 2em; }<\/style><section id=\"wpsp-210\" class=\" wp-show-posts-columns wp-show-posts\" style=\"\"><article class=\" wp-show-posts-single post-459 post type-post status-publish format-standard has-post-thumbnail hentry category-blog wpsp-col-4\" itemtype=\"http:\/\/schema.org\/CreativeWork\" itemscope><div class=\"wp-show-posts-inner\" style=\"\">\t\t<div class=\"wp-show-posts-image  wpsp-image-left \">\n\t\t\t<a href=\"https:\/\/andressadannemannpsi.com.br\/site\/cuidando-da-mente-materna-saude-mental-e-maternidade\/\"  title=\"Cuidando da Mente Materna: Sa\u00fade Mental e Maternidade\">\t\t\t\t\t<img decoding=\"async\" src=\"https:\/\/andressadannemannpsi.com.br\/site\/wp-content\/uploads\/2024\/05\/postnatal-period-with-mother-child-1-scaled-400x300.jpg\" alt=\"Cuidando da Mente Materna: Sa\u00fade Mental e Maternidade\" itemprop=\"image\" class=\"left\" \/>\n\t\t\t\t<\/a>\t\t<\/div>\n\t\t\t\t\t\t\t\t<header class=\"wp-show-posts-entry-header\">\n\t\t\t\t\t\t\t<h2 class=\"wp-show-posts-entry-title\" itemprop=\"headline\"><a href=\"https:\/\/andressadannemannpsi.com.br\/site\/cuidando-da-mente-materna-saude-mental-e-maternidade\/\" rel=\"bookmark\">Cuidando da Mente Materna: Sa\u00fade Mental e Maternidade<\/a><\/h2>\t\t\t\t\t\t<\/header><!-- .entry-header -->\n\t\t\t\t\t\t\t\t\t\t\t<div class=\"wp-show-posts-entry-summary\" itemprop=\"text\">\n\t\t\t\t\t\t\t<p>A jornada da maternidade \u00e9 como um intricado quebra-cabe\u00e7a, onde pe\u00e7as de amor, sacrif\u00edcio e autodescoberta se encaixam. No entanto, por&#8230;<\/p>\n\t\t\t\t\t\t<\/div><!-- .entry-summary -->\n\t\t\t\t\t<\/div><!-- wp-show-posts-inner --><\/article><article class=\" wp-show-posts-single post-452 post type-post status-publish format-standard has-post-thumbnail hentry category-blog wpsp-col-4\" itemtype=\"http:\/\/schema.org\/CreativeWork\" itemscope><div class=\"wp-show-posts-inner\" style=\"\">\t\t<div class=\"wp-show-posts-image  wpsp-image-left \">\n\t\t\t<a href=\"https:\/\/andressadannemannpsi.com.br\/site\/aniversario-de-freud-reflexao\/\"  title=\"Anivers\u00e1rio de Freud: reflex\u00e3o\">\t\t\t\t\t<img decoding=\"async\" src=\"https:\/\/andressadannemannpsi.com.br\/site\/wp-content\/uploads\/2024\/05\/freud-400x300.jpg\" alt=\"Anivers\u00e1rio de Freud: reflex\u00e3o\" itemprop=\"image\" class=\"left\" \/>\n\t\t\t\t<\/a>\t\t<\/div>\n\t\t\t\t\t\t\t\t<header class=\"wp-show-posts-entry-header\">\n\t\t\t\t\t\t\t<h2 class=\"wp-show-posts-entry-title\" itemprop=\"headline\"><a href=\"https:\/\/andressadannemannpsi.com.br\/site\/aniversario-de-freud-reflexao\/\" rel=\"bookmark\">Anivers\u00e1rio de Freud: reflex\u00e3o<\/a><\/h2>\t\t\t\t\t\t<\/header><!-- .entry-header -->\n\t\t\t\t\t\t\t\t\t\t\t<div class=\"wp-show-posts-entry-summary\" itemprop=\"text\">\n\t\t\t\t\t\t\t<p>Freudinho, Estamos em 2024 e trago not\u00edcias sobre a psican\u00e1lise. Se voc\u00ea estivesse aqui estranharia a maneira com que as pessoas&#8230;<\/p>\n\t\t\t\t\t\t<\/div><!-- .entry-summary -->\n\t\t\t\t\t<\/div><!-- wp-show-posts-inner --><\/article><article class=\" wp-show-posts-single post-439 post type-post status-publish format-standard has-post-thumbnail hentry category-blog tag-bipolar-psicologa-curitiba wpsp-col-4\" itemtype=\"http:\/\/schema.org\/CreativeWork\" itemscope><div class=\"wp-show-posts-inner\" style=\"\">\t\t<div class=\"wp-show-posts-image  wpsp-image-left \">\n\t\t\t<a href=\"https:\/\/andressadannemannpsi.com.br\/site\/439-2\/\"  title=\"Dia de Conscientiza\u00e7\u00e3o sobre o Transtorno Bipolar\">\t\t\t\t\t<img decoding=\"async\" src=\"https:\/\/andressadannemannpsi.com.br\/site\/wp-content\/uploads\/2024\/03\/blurry-woman-dealing-with-anxiety-front-view-scaled-400x300.jpg\" alt=\"Dia de Conscientiza\u00e7\u00e3o sobre o Transtorno Bipolar\" itemprop=\"image\" class=\"left\" \/>\n\t\t\t\t<\/a>\t\t<\/div>\n\t\t\t\t\t\t\t\t<header class=\"wp-show-posts-entry-header\">\n\t\t\t\t\t\t\t<h2 class=\"wp-show-posts-entry-title\" itemprop=\"headline\"><a href=\"https:\/\/andressadannemannpsi.com.br\/site\/439-2\/\" rel=\"bookmark\">Dia de Conscientiza\u00e7\u00e3o sobre o Transtorno Bipolar<\/a><\/h2>\t\t\t\t\t\t<\/header><!-- .entry-header -->\n\t\t\t\t\t\t\t\t\t\t\t<div class=\"wp-show-posts-entry-summary\" itemprop=\"text\">\n\t\t\t\t\t\t\t<p>O transtorno bipolar, tamb\u00e9m conhecido como transtorno afetivo bipolar, \u00e9 uma condi\u00e7\u00e3o mental complexa que afeta o humor e o comportamento&#8230;<\/p>\n\t\t\t\t\t\t<\/div><!-- .entry-summary -->\n\t\t\t\t\t<\/div><!-- wp-show-posts-inner --><\/article><article class=\" wp-show-posts-single post-431 post type-post status-publish format-standard has-post-thumbnail hentry category-blog wpsp-col-4\" itemtype=\"http:\/\/schema.org\/CreativeWork\" itemscope><div class=\"wp-show-posts-inner\" style=\"\">\t\t<div class=\"wp-show-posts-image  wpsp-image-left \">\n\t\t\t<a href=\"https:\/\/andressadannemannpsi.com.br\/site\/a-psicoterapia-online-uma-aliada-para-residentes-no-exterior\/\"  title=\"A Psicoterapia Online: Uma Aliada para Residentes no Exterior\">\t\t\t\t\t<img decoding=\"async\" src=\"https:\/\/andressadannemannpsi.com.br\/site\/wp-content\/uploads\/2024\/03\/smiley-woman-watching-tv-show-laptop-400x300.jpg\" alt=\"A Psicoterapia Online: Uma Aliada para Residentes no Exterior\" itemprop=\"image\" class=\"left\" \/>\n\t\t\t\t<\/a>\t\t<\/div>\n\t\t\t\t\t\t\t\t<header class=\"wp-show-posts-entry-header\">\n\t\t\t\t\t\t\t<h2 class=\"wp-show-posts-entry-title\" itemprop=\"headline\"><a href=\"https:\/\/andressadannemannpsi.com.br\/site\/a-psicoterapia-online-uma-aliada-para-residentes-no-exterior\/\" rel=\"bookmark\">A Psicoterapia Online: Uma Aliada para Residentes no Exterior<\/a><\/h2>\t\t\t\t\t\t<\/header><!-- .entry-header -->\n\t\t\t\t\t\t\t\t\t\t\t<div class=\"wp-show-posts-entry-summary\" itemprop=\"text\">\n\t\t\t\t\t\t\t<p>&nbsp; Desde 2018, o Conselho Federal de Psicologia autoriza o atendimento psicol\u00f3gico \u00e0 dist\u00e2ncia, uma pr\u00e1tica que ganhou ainda mais relev\u00e2ncia&#8230;<\/p>\n\t\t\t\t\t\t<\/div><!-- .entry-summary -->\n\t\t\t\t\t<\/div><!-- wp-show-posts-inner --><\/article><article class=\" wp-show-posts-single post-425 post type-post status-publish format-standard has-post-thumbnail hentry category-blog wpsp-col-4\" itemtype=\"http:\/\/schema.org\/CreativeWork\" itemscope><div class=\"wp-show-posts-inner\" style=\"\">\t\t<div class=\"wp-show-posts-image  wpsp-image-left \">\n\t\t\t<a href=\"https:\/\/andressadannemannpsi.com.br\/site\/das-coisas-que-contribuem-para-ter-ansiedade\/\"  title=\"\u00a0Das coisas que contribuem para ter ansiedade\">\t\t\t\t\t<img decoding=\"async\" src=\"https:\/\/andressadannemannpsi.com.br\/site\/wp-content\/uploads\/2024\/03\/female-planning-environment-projects-scaled-400x300.jpg\" alt=\"\u00a0Das coisas que contribuem para ter ansiedade\" itemprop=\"image\" class=\"left\" \/>\n\t\t\t\t<\/a>\t\t<\/div>\n\t\t\t\t\t\t\t\t<header class=\"wp-show-posts-entry-header\">\n\t\t\t\t\t\t\t<h2 class=\"wp-show-posts-entry-title\" itemprop=\"headline\"><a href=\"https:\/\/andressadannemannpsi.com.br\/site\/das-coisas-que-contribuem-para-ter-ansiedade\/\" rel=\"bookmark\">\u00a0Das coisas que contribuem para ter ansiedade<\/a><\/h2>\t\t\t\t\t\t<\/header><!-- .entry-header -->\n\t\t\t\t\t\t\t\t\t\t\t<div class=\"wp-show-posts-entry-summary\" itemprop=\"text\">\n\t\t\t\t\t\t\t<p>Querer ter controle sobre tudo Imposs\u00edvel. Por mais preparados que estejamos tem coisas que independem da nossa vontade. Ter medo de&#8230;<\/p>\n\t\t\t\t\t\t<\/div><!-- .entry-summary -->\n\t\t\t\t\t<\/div><!-- wp-show-posts-inner --><\/article><article class=\" wp-show-posts-single post-207 post type-post status-publish format-standard has-post-thumbnail hentry category-blog wpsp-col-4\" itemtype=\"http:\/\/schema.org\/CreativeWork\" itemscope><div class=\"wp-show-posts-inner\" style=\"\">\t\t<div class=\"wp-show-posts-image  wpsp-image-left \">\n\t\t\t<a href=\"https:\/\/andressadannemannpsi.com.br\/site\/psicoterapia-on-line\/\"  title=\"Psicoterapia Online: Uma Nova Abordagem para Cuidados de Sa\u00fade Mental\">\t\t\t\t\t<img decoding=\"async\" src=\"https:\/\/andressadannemannpsi.com.br\/site\/wp-content\/uploads\/2024\/03\/post-andressa-3-scaled-400x300.jpg\" alt=\"Psicoterapia Online: Uma Nova Abordagem para Cuidados de Sa\u00fade Mental\" itemprop=\"image\" class=\"left\" \/>\n\t\t\t\t<\/a>\t\t<\/div>\n\t\t\t\t\t\t\t\t<header class=\"wp-show-posts-entry-header\">\n\t\t\t\t\t\t\t<h2 class=\"wp-show-posts-entry-title\" itemprop=\"headline\"><a href=\"https:\/\/andressadannemannpsi.com.br\/site\/psicoterapia-on-line\/\" rel=\"bookmark\">Psicoterapia Online: Uma Nova Abordagem para Cuidados de Sa\u00fade Mental<\/a><\/h2>\t\t\t\t\t\t<\/header><!-- .entry-header -->\n\t\t\t\t\t\t\t\t\t\t\t<div class=\"wp-show-posts-entry-summary\" itemprop=\"text\">\n\t\t\t\t\t\t\t<p>Psicoterapia Online: Uma Nova Abordagem para Cuidados de Sa\u00fade Mental O advento da psicoterapia online marcou uma evolu\u00e7\u00e3o significativa nos cuidados&#8230;<\/p>\n\t\t\t\t\t\t<\/div><!-- .entry-summary -->\n\t\t\t\t\t<\/div><!-- wp-show-posts-inner --><\/article><article class=\" wp-show-posts-single post-204 post type-post status-publish format-standard has-post-thumbnail hentry category-blog wpsp-col-4\" itemtype=\"http:\/\/schema.org\/CreativeWork\" itemscope><div class=\"wp-show-posts-inner\" style=\"\">\t\t<div class=\"wp-show-posts-image  wpsp-image-left \">\n\t\t\t<a href=\"https:\/\/andressadannemannpsi.com.br\/site\/como-ajudar-uma-pessoa-com-depressao\/\"  title=\"Como ajudar uma pessoa com depress\u00e3o\">\t\t\t\t\t<img decoding=\"async\" src=\"https:\/\/andressadannemannpsi.com.br\/site\/wp-content\/uploads\/2024\/03\/post-andressa-1-400x300.jpg\" alt=\"Como ajudar uma pessoa com depress\u00e3o\" itemprop=\"image\" class=\"left\" \/>\n\t\t\t\t<\/a>\t\t<\/div>\n\t\t\t\t\t\t\t\t<header class=\"wp-show-posts-entry-header\">\n\t\t\t\t\t\t\t<h2 class=\"wp-show-posts-entry-title\" itemprop=\"headline\"><a href=\"https:\/\/andressadannemannpsi.com.br\/site\/como-ajudar-uma-pessoa-com-depressao\/\" rel=\"bookmark\">Como ajudar uma pessoa com depress\u00e3o<\/a><\/h2>\t\t\t\t\t\t<\/header><!-- .entry-header -->\n\t\t\t\t\t\t\t\t\t\t\t<div class=\"wp-show-posts-entry-summary\" itemprop=\"text\">\n\t\t\t\t\t\t\t<p>Com frequ\u00eancia me perguntam como ajudar um parente ou amigo com depress\u00e3o. Cada caso \u00e9 um caso. De um modo geral,&#8230;<\/p>\n\t\t\t\t\t\t<\/div><!-- .entry-summary -->\n\t\t\t\t\t<\/div><!-- wp-show-posts-inner --><\/article><article class=\" wp-show-posts-single post-201 post type-post status-publish format-standard has-post-thumbnail hentry category-blog wpsp-col-4\" itemtype=\"http:\/\/schema.org\/CreativeWork\" itemscope><div class=\"wp-show-posts-inner\" style=\"\">\t\t<div class=\"wp-show-posts-image  wpsp-image-left \">\n\t\t\t<a href=\"https:\/\/andressadannemannpsi.com.br\/site\/alcool\/\"  title=\"\u00c1lcool: consumo e depend\u00eancia\">\t\t\t\t\t<img decoding=\"async\" src=\"https:\/\/andressadannemannpsi.com.br\/site\/wp-content\/uploads\/2024\/03\/post-andressa-2-scaled-400x300.jpg\" alt=\"\u00c1lcool: consumo e depend\u00eancia\" itemprop=\"image\" class=\"left\" \/>\n\t\t\t\t<\/a>\t\t<\/div>\n\t\t\t\t\t\t\t\t<header class=\"wp-show-posts-entry-header\">\n\t\t\t\t\t\t\t<h2 class=\"wp-show-posts-entry-title\" itemprop=\"headline\"><a href=\"https:\/\/andressadannemannpsi.com.br\/site\/alcool\/\" rel=\"bookmark\">\u00c1lcool: consumo e depend\u00eancia<\/a><\/h2>\t\t\t\t\t\t<\/header><!-- .entry-header -->\n\t\t\t\t\t\t\t\t\t\t\t<div class=\"wp-show-posts-entry-summary\" itemprop=\"text\">\n\t\t\t\t\t\t\t<p>Beber s\u00f3 aos finais de semana, mas em grandes quantidades, pode ser t\u00e3o prejudicial ou mais que beber diariamente. De acordo&#8230;<\/p>\n\t\t\t\t\t\t<\/div><!-- .entry-summary -->\n\t\t\t\t\t<\/div><!-- wp-show-posts-inner --><\/article><article class=\" wp-show-posts-single post-435 post type-post status-publish format-standard has-post-thumbnail hentry category-blog wpsp-col-4\" itemtype=\"http:\/\/schema.org\/CreativeWork\" itemscope><div class=\"wp-show-posts-inner\" style=\"\">\t\t<div class=\"wp-show-posts-image  wpsp-image-left \">\n\t\t\t<a href=\"https:\/\/andressadannemannpsi.com.br\/site\/qual-sua-relacao-com-o-trabalho\/\"  title=\"Qual sua rela\u00e7\u00e3o com o trabalho?\">\t\t\t\t\t<img decoding=\"async\" src=\"https:\/\/andressadannemannpsi.com.br\/site\/wp-content\/uploads\/2024\/03\/thoughtful-smiling-woman-working-by-table-scaled-400x300.jpg\" alt=\"Qual sua rela\u00e7\u00e3o com o trabalho?\" itemprop=\"image\" class=\"left\" \/>\n\t\t\t\t<\/a>\t\t<\/div>\n\t\t\t\t\t\t\t\t<header class=\"wp-show-posts-entry-header\">\n\t\t\t\t\t\t\t<h2 class=\"wp-show-posts-entry-title\" itemprop=\"headline\"><a href=\"https:\/\/andressadannemannpsi.com.br\/site\/qual-sua-relacao-com-o-trabalho\/\" rel=\"bookmark\">Qual sua rela\u00e7\u00e3o com o trabalho?<\/a><\/h2>\t\t\t\t\t\t<\/header><!-- .entry-header -->\n\t\t\t\t\t\t\t\t\t\t\t<div class=\"wp-show-posts-entry-summary\" itemprop=\"text\">\n\t\t\t\t\t\t\t<p>O trabalho ocupa boa parte do nossos dias e t\u00eam fun\u00e7\u00f5es subjetivas importantes. Um delas \u00e9 constituir parte da nossa identidade&#8230;.<\/p>\n\t\t\t\t\t\t<\/div><!-- .entry-summary -->\n\t\t\t\t\t<\/div><!-- wp-show-posts-inner --><\/article><div class=\"wpsp-clear\"><\/div><\/section><!-- .wp-show-posts --><\/div><\/div><\/div><\/div><\/div><div id=\"pg-60-1\"  class=\"panel-grid panel-has-style\" ><div class=\"siteorigin-panels-stretch panel-row-style panel-row-style-for-60-1\" data-stretch-type=\"full\" ><div id=\"pgc-60-1-0\"  class=\"panel-grid-cell\" ><div id=\"panel-60-1-0-0\" class=\"so-panel widget widget_sow-social-media-buttons panel-first-child\" data-index=\"1\" ><div class=\"panel-widget-style panel-widget-style-for-60-1-0-0\" ><div\n\t\t\t\n\t\t\tclass=\"so-widget-sow-social-media-buttons so-widget-sow-social-media-buttons-atom-8c9ef4b8a124-435\"\n\t\t\t\n\t\t>\n\n<div class=\"social-media-button-container\">\n\t\n\t\t<a class=\"ow-button-hover sow-social-media-button-phone-0 sow-social-media-button\" title=\"Phone Andressa Dannemann\" aria-label=\"Phone Andressa Dannemann\" href=\"tel:+5541996831393\" >\n\t\t\t<span>\n\t\t\t\t\t\t\t\t<span class=\"sow-icon-fontawesome sow-fas\" data-sow-icon=\"&#xf095;\"\n\t\t \n\t\taria-hidden=\"true\"><\/span>\t\t\t\t\t\t\t<\/span>\n\t\t<\/a>\n\t\n\t\t<a class=\"ow-button-hover sow-social-media-button-whatsapp-0 sow-social-media-button\" title=\"Andressa Dannemann em Whatsapp\" aria-label=\"Andressa Dannemann em Whatsapp\" target=\"_blank\" rel=\"noopener noreferrer\" href=\"https:\/\/api.whatsapp.com\/send?phone=5541996831393&#038;text=Oi%20Andressa!%20Estava%20vendo%20seu%20site%20e%20gostaria%20de%20falar%20com%20voc%C3%AA.\" >\n\t\t\t<span>\n\t\t\t\t\t\t\t\t<span class=\"sow-icon-fontawesome sow-fab\" data-sow-icon=\"&#xf232;\"\n\t\t \n\t\taria-hidden=\"true\"><\/span>\t\t\t\t\t\t\t<\/span>\n\t\t<\/a>\n\t\n\t\t<a class=\"ow-button-hover sow-social-media-button-envelope-0 sow-social-media-button\" title=\"andressa.w.m@bol.com.br\" aria-label=\"andressa.w.m@bol.com.br\" target=\"_blank\" rel=\"noopener noreferrer\" href=\"mailto:andressa.w.m@bol.com.br\" >\n\t\t\t<span>\n\t\t\t\t\t\t\t\t<span class=\"sow-icon-fontawesome sow-fas\" data-sow-icon=\"&#xf0e0;\"\n\t\t \n\t\taria-hidden=\"true\"><\/span>\t\t\t\t\t\t\t<\/span>\n\t\t<\/a>\n\t\n\t\t<a class=\"ow-button-hover sow-social-media-button-instagram-0 sow-social-media-button\" title=\"@andressa_dannemann\" aria-label=\"@andressa_dannemann\" target=\"_blank\" rel=\"noopener noreferrer\" href=\"https:\/\/www.instagram.com\/andressa_dannemann\/\" >\n\t\t\t<span>\n\t\t\t\t\t\t\t\t<span class=\"sow-icon-fontawesome sow-fab\" data-sow-icon=\"&#xf16d;\"\n\t\t \n\t\taria-hidden=\"true\"><\/span>\t\t\t\t\t\t\t<\/span>\n\t\t<\/a>\n\t\n\t\t<a class=\"ow-button-hover sow-social-media-button-facebook-0 sow-social-media-button\" title=\"@andressawmdannemann\" aria-label=\"@andressawmdannemann\" target=\"_blank\" rel=\"noopener noreferrer\" href=\"https:\/\/www.facebook.com\/andressawmdannemann\" >\n\t\t\t<span>\n\t\t\t\t\t\t\t\t<span class=\"sow-icon-fontawesome sow-fab\" data-sow-icon=\"&#xf39e;\"\n\t\t \n\t\taria-hidden=\"true\"><\/span>\t\t\t\t\t\t\t<\/span>\n\t\t<\/a>\n\t\n\t\t<a class=\"ow-button-hover sow-social-media-button-linkedin-0 sow-social-media-button\" title=\"Andressa Dannemann em Linkedin\" aria-label=\"Andressa Dannemann em Linkedin\" target=\"_blank\" rel=\"noopener noreferrer\" href=\"https:\/\/www.linkedin.com\/in\/andressa-dannemann-93b187226\/\" >\n\t\t\t<span>\n\t\t\t\t\t\t\t\t<span class=\"sow-icon-fontawesome sow-fab\" data-sow-icon=\"&#xf0e1;\"\n\t\t \n\t\taria-hidden=\"true\"><\/span>\t\t\t\t\t\t\t<\/span>\n\t\t<\/a>\n\t<\/div>\n<\/div><\/div><\/div><div id=\"panel-60-1-0-1\" class=\"so-panel widget widget_sow-editor panel-last-child\" data-index=\"2\" ><div class=\"panel-widget-style panel-widget-style-for-60-1-0-1\" ><div\n\t\t\t\n\t\t\tclass=\"so-widget-sow-editor so-widget-sow-editor-base\"\n\t\t\t\n\t\t>\n<div class=\"siteorigin-widget-tinymce textwidget\">\n\t<p style=\"text-align: center;\"><a href=\"https:\/\/laurawolfmiranda.com.br\/\">Realizado por Laura Wolf Miranda Assessoria em Comunica\u00e7\u00e3o<\/a><\/p>\n<\/div>\n<\/div><\/div><\/div><\/div><\/div><\/div><\/div>","protected":false},"excerpt":{"rendered":"<p>Realizado por Laura Wolf Miranda Assessoria em Comunica\u00e7\u00e3o<\/p>\n","protected":false},"author":1,"featured_media":0,"parent":0,"menu_order":0,"comment_status":"closed","ping_status":"closed","template":"","meta":{"neve_meta_sidebar":"","neve_meta_container":"contained","neve_meta_enable_content_width":"off","neve_meta_content_width":100,"neve_meta_title_alignment":"","neve_meta_author_avatar":"","neve_post_elements_order":"","neve_meta_disable_header":"","neve_meta_disable_footer":"","neve_meta_disable_title":"on","_joinchat":[],"footnotes":""},"class_list":["post-60","page","type-page","status-publish","hentry"],"_links":{"self":[{"href":"https:\/\/andressadannemannpsi.com.br\/site\/wp-json\/wp\/v2\/pages\/60","targetHints":{"allow":["GET"]}}],"collection":[{"href":"https:\/\/andressadannemannpsi.com.br\/site\/wp-json\/wp\/v2\/pages"}],"about":[{"href":"https:\/\/andressadannemannpsi.com.br\/site\/wp-json\/wp\/v2\/types\/page"}],"author":[{"embeddable":true,"href":"https:\/\/andressadannemannpsi.com.br\/site\/wp-json\/wp\/v2\/users\/1"}],"replies":[{"embeddable":true,"href":"https:\/\/andressadannemannpsi.com.br\/site\/wp-json\/wp\/v2\/comments?post=60"}],"version-history":[{"count":5,"href":"https:\/\/andressadannemannpsi.com.br\/site\/wp-json\/wp\/v2\/pages\/60\/revisions"}],"predecessor-version":[{"id":410,"href":"https:\/\/andressadannemannpsi.com.br\/site\/wp-json\/wp\/v2\/pages\/60\/revisions\/410"}],"wp:attachment":[{"href":"https:\/\/andressadannemannpsi.com.br\/site\/wp-json\/wp\/v2\/media?parent=60"}],"curies":[{"name":"wp","href":"https:\/\/api.w.org\/{rel}","templated":true}]}}