{"id":467,"date":"2025-02-20T14:48:16","date_gmt":"2025-02-20T17:48:16","guid":{"rendered":"https:\/\/andressadannemannpsi.com.br\/site\/?page_id=467"},"modified":"2025-02-20T19:32:59","modified_gmt":"2025-02-20T22:32:59","slug":"sobre-mim","status":"publish","type":"page","link":"https:\/\/andressadannemannpsi.com.br\/site\/sobre-mim\/","title":{"rendered":"Sobre mim"},"content":{"rendered":"<div id=\"pl-467\"  class=\"panel-layout\" ><div id=\"pg-467-0\"  class=\"panel-grid panel-no-style\" ><div id=\"pgc-467-0-0\"  class=\"panel-grid-cell\" ><div id=\"panel-467-0-0-0\" class=\"so-panel widget widget_sow-editor panel-first-child panel-last-child\" data-index=\"0\" ><div\n\t\t\t\n\t\t\tclass=\"so-widget-sow-editor so-widget-sow-editor-base\"\n\t\t\t\n\t\t>\n<div class=\"siteorigin-widget-tinymce textwidget\">\n\t<p>Ol\u00e1! Meu nome \u00e9 <strong>Andressa Wolf Miranda Dannemann<\/strong>, sou <strong>Psic\u00f3loga Cl\u00ednica e Psicanalista<\/strong>. Tenho 20 anos de experi\u00eancia em psicologia cl\u00ednica.<\/p>\n<p>Comecei minha forma\u00e7\u00e3o em psican\u00e1lise ainda na faculdade de Psicologia e cont\u00ednuo at\u00e9 hoje me dedicando ao trip\u00e9 da Psican\u00e1lise: an\u00e1lise pessoal, supervis\u00e3o cl\u00ednica e estudos te\u00f3ricos.<\/p>\n<p>Tenho <strong>vasta experi\u00eancia nos mais diversos campos da psicologia cl\u00ednica<\/strong>. Tive experi\u00eancia riqu\u00edssima em maternidade onde puder acompanhar gestantes e pu\u00e9rperas nesses per\u00edodos repletos de d\u00favidas, incertezas, alegrias e emo\u00e7\u00f5es.<\/p>\n<p>Tamb\u00e9m tive a grande oportunidade de atender pacientes oncol\u00f3gicos. Estigmas relacionados \u00e0 doen\u00e7a, medo da morte, adapta\u00e7\u00f5es da nova rotina, internamento hospitalar e supera\u00e7\u00e3o eram as quest\u00f5es mais trabalhadas dentro do hospital.<\/p>\n<p>Paralelo ao <strong>atendimento em consult\u00f3rio, outra experi\u00eancia significativa foi o atendimento em conv\u00eanio de sa\u00fade<\/strong>. Participava de <strong>grupos de apoio<\/strong> (gestante, obesidade, tabagismo) e tive o desafio de atender em grupo. Os grupos eram voltados para depress\u00e3o, estresse e transtornos de ansiedade. Uma viv\u00eancia grandiosa de muitas trocas de experi\u00eancias dentro dos grupos, com colegas psic\u00f3logas de abordagem diferentes que resultou no meu artigo de conclus\u00e3o de especializa\u00e7\u00e3o em <strong>Psicologia Cl\u00ednica<\/strong>: \u201cPsican\u00e1lise aplicada \u00e0 grupos terap\u00eauticos. Tamb\u00e9m sou <strong>especialista em Sa\u00fade Mental, Psicopatologia e Psican\u00e1lise<\/strong>.<\/p>\n<p>Estudo com profundidade os transtornos mentais e procuro me atualizar <strong>sobre psicopatologias, principalmente depress\u00e3o, bipolaridade e transtornos de ansiedade<\/strong>. Al\u00e9m de tratar esses transtornos, acho essencial <strong>dialogar com a psiquiatria<\/strong>, trabalhar com <strong>psicoeduca\u00e7\u00e3o, combater a psicofobia, preven\u00e7\u00e3o de transtornos mentais e promo\u00e7\u00e3o da sa\u00fade mental<\/strong>.<\/p>\n<\/div>\n<\/div><\/div><\/div><div id=\"pgc-467-0-1\"  class=\"panel-grid-cell\" ><div id=\"panel-467-0-1-0\" class=\"so-panel widget widget_media_image panel-first-child\" data-index=\"1\" ><img loading=\"lazy\" decoding=\"async\" width=\"500\" height=\"625\" src=\"https:\/\/andressadannemannpsi.com.br\/site\/wp-content\/uploads\/2024\/03\/Andressa-Wolf-Miranda-Dannemann.jpeg\" class=\"image wp-image-47  attachment-full size-full\" alt=\"\" style=\"max-width: 100%; height: auto;\" srcset=\"https:\/\/andressadannemannpsi.com.br\/site\/wp-content\/uploads\/2024\/03\/Andressa-Wolf-Miranda-Dannemann.jpeg 500w, https:\/\/andressadannemannpsi.com.br\/site\/wp-content\/uploads\/2024\/03\/Andressa-Wolf-Miranda-Dannemann-240x300.jpeg 240w\" sizes=\"auto, (max-width: 500px) 100vw, 500px\" \/><\/div><div id=\"panel-467-0-1-1\" class=\"so-panel widget widget_sow-editor\" data-index=\"2\" ><div\n\t\t\t\n\t\t\tclass=\"so-widget-sow-editor so-widget-sow-editor-base\"\n\t\t\t\n\t\t><h3 class=\"widget-title\"><br \/><\/h3>\n<div class=\"siteorigin-widget-tinymce textwidget\">\n\t<p><strong>N\u00famero do CRP: CRP08\/10071<\/strong><\/p>\n<p><strong>Nesses 20 anos de trabalho procuro transitar entre a Psicologia e Psican\u00e1lise com a seriedade e \u00e9tica que essas modalidades de atendimentos exigem.<\/strong><\/p>\n<p>\u2022 Forma\u00e7\u00e3o cont\u00ednua em psican\u00e1lise<br \/>\n\u2022 Especializa\u00e7\u00e3o em Psicologia Cl\u00ednica: abordagem psicanal\u00edtica. (PUC PR)<br \/>\n\u2022 Especializa\u00e7\u00e3o em Sa\u00fade Mental, Psicopatologia e Psican\u00e1lise. (PUC PR)<br \/>\n\u2022 Psicologia (UTP)<\/p>\n<p><em>Veja mais do meu curr\u00edculo no LinKedin<\/em><\/p>\n<\/div>\n<\/div><\/div><div id=\"panel-467-0-1-2\" class=\"so-panel widget widget_sow-social-media-buttons panel-last-child\" data-index=\"3\" ><div class=\"panel-widget-style panel-widget-style-for-467-0-1-2\" ><div\n\t\t\t\n\t\t\tclass=\"so-widget-sow-social-media-buttons so-widget-sow-social-media-buttons-atom-614bf3b29f0c-467\"\n\t\t\t\n\t\t>\n\n<div class=\"social-media-button-container\">\n\t\n\t\t<a class=\"ow-button-hover sow-social-media-button-linkedin-0 sow-social-media-button\" title=\"Andressa Dannemann em Linkedin\" aria-label=\"Andressa Dannemann em Linkedin\" target=\"_blank\" rel=\"noopener noreferrer\" href=\"https:\/\/www.linkedin.com\/in\/andressa-dannemann-93b187226\/\" >\n\t\t\t<span>\n\t\t\t\t\t\t\t\t<span class=\"sow-icon-fontawesome sow-fab\" data-sow-icon=\"&#xf0e1;\"\n\t\t \n\t\taria-hidden=\"true\"><\/span>\t\t\t\t\t\t\t<\/span>\n\t\t<\/a>\n\t<\/div>\n<\/div><\/div><\/div><\/div><\/div><div id=\"pg-467-1\"  class=\"panel-grid panel-has-style\" ><div class=\"siteorigin-panels-stretch panel-row-style panel-row-style-for-467-1\" data-stretch-type=\"full\" ><div id=\"pgc-467-1-0\"  class=\"panel-grid-cell\" ><div id=\"panel-467-1-0-0\" class=\"so-panel widget widget_sow-social-media-buttons panel-first-child\" data-index=\"4\" ><div class=\"panel-widget-style panel-widget-style-for-467-1-0-0\" ><div\n\t\t\t\n\t\t\tclass=\"so-widget-sow-social-media-buttons so-widget-sow-social-media-buttons-atom-8c9ef4b8a124-467\"\n\t\t\t\n\t\t>\n\n<div class=\"social-media-button-container\">\n\t\n\t\t<a class=\"ow-button-hover sow-social-media-button-phone-0 sow-social-media-button\" title=\"Phone Andressa Dannemann\" aria-label=\"Phone Andressa Dannemann\" href=\"tel:+5541996831393\" >\n\t\t\t<span>\n\t\t\t\t\t\t\t\t<span class=\"sow-icon-fontawesome sow-fas\" data-sow-icon=\"&#xf095;\"\n\t\t \n\t\taria-hidden=\"true\"><\/span>\t\t\t\t\t\t\t<\/span>\n\t\t<\/a>\n\t\n\t\t<a class=\"ow-button-hover sow-social-media-button-whatsapp-0 sow-social-media-button\" title=\"Andressa Dannemann em Whatsapp\" aria-label=\"Andressa Dannemann em Whatsapp\" target=\"_blank\" rel=\"noopener noreferrer\" href=\"https:\/\/api.whatsapp.com\/send?phone=5541996831393&#038;text=Oi%20Andressa!%20Estava%20vendo%20seu%20site%20e%20gostaria%20de%20falar%20com%20voc%C3%AA.\" >\n\t\t\t<span>\n\t\t\t\t\t\t\t\t<span class=\"sow-icon-fontawesome sow-fab\" data-sow-icon=\"&#xf232;\"\n\t\t \n\t\taria-hidden=\"true\"><\/span>\t\t\t\t\t\t\t<\/span>\n\t\t<\/a>\n\t\n\t\t<a class=\"ow-button-hover sow-social-media-button-envelope-0 sow-social-media-button\" title=\"andressa.w.m@bol.com.br\" aria-label=\"andressa.w.m@bol.com.br\" target=\"_blank\" rel=\"noopener noreferrer\" href=\"mailto:andressa.w.m@bol.com.br\" >\n\t\t\t<span>\n\t\t\t\t\t\t\t\t<span class=\"sow-icon-fontawesome sow-fas\" data-sow-icon=\"&#xf0e0;\"\n\t\t \n\t\taria-hidden=\"true\"><\/span>\t\t\t\t\t\t\t<\/span>\n\t\t<\/a>\n\t\n\t\t<a class=\"ow-button-hover sow-social-media-button-instagram-0 sow-social-media-button\" title=\"@andressa_dannemann\" aria-label=\"@andressa_dannemann\" target=\"_blank\" rel=\"noopener noreferrer\" href=\"https:\/\/www.instagram.com\/andressa_dannemann\/\" >\n\t\t\t<span>\n\t\t\t\t\t\t\t\t<span class=\"sow-icon-fontawesome sow-fab\" data-sow-icon=\"&#xf16d;\"\n\t\t \n\t\taria-hidden=\"true\"><\/span>\t\t\t\t\t\t\t<\/span>\n\t\t<\/a>\n\t\n\t\t<a class=\"ow-button-hover sow-social-media-button-facebook-0 sow-social-media-button\" title=\"@andressawmdannemann\" aria-label=\"@andressawmdannemann\" target=\"_blank\" rel=\"noopener noreferrer\" href=\"https:\/\/www.facebook.com\/andressawmdannemann\" >\n\t\t\t<span>\n\t\t\t\t\t\t\t\t<span class=\"sow-icon-fontawesome sow-fab\" data-sow-icon=\"&#xf39e;\"\n\t\t \n\t\taria-hidden=\"true\"><\/span>\t\t\t\t\t\t\t<\/span>\n\t\t<\/a>\n\t\n\t\t<a class=\"ow-button-hover sow-social-media-button-linkedin-0 sow-social-media-button\" title=\"Andressa Dannemann em Linkedin\" aria-label=\"Andressa Dannemann em Linkedin\" target=\"_blank\" rel=\"noopener noreferrer\" href=\"https:\/\/www.linkedin.com\/in\/andressa-dannemann-93b187226\/\" >\n\t\t\t<span>\n\t\t\t\t\t\t\t\t<span class=\"sow-icon-fontawesome sow-fab\" data-sow-icon=\"&#xf0e1;\"\n\t\t \n\t\taria-hidden=\"true\"><\/span>\t\t\t\t\t\t\t<\/span>\n\t\t<\/a>\n\t<\/div>\n<\/div><\/div><\/div><div id=\"panel-467-1-0-1\" class=\"so-panel widget widget_sow-editor panel-last-child\" data-index=\"5\" ><div class=\"panel-widget-style panel-widget-style-for-467-1-0-1\" ><div\n\t\t\t\n\t\t\tclass=\"so-widget-sow-editor so-widget-sow-editor-base\"\n\t\t\t\n\t\t>\n<div class=\"siteorigin-widget-tinymce textwidget\">\n\t<p style=\"text-align: center;\"><a href=\"https:\/\/laurawolfmiranda.com.br\/\">Realizado por Laura Wolf Miranda Assessoria em Comunica\u00e7\u00e3o<\/a><\/p>\n<\/div>\n<\/div><\/div><\/div><\/div><\/div><\/div><\/div>","protected":false},"excerpt":{"rendered":"<p>Ol\u00e1! Meu nome \u00e9 Andressa Wolf Miranda Dannemann, sou Psic\u00f3loga Cl\u00ednica e Psicanalista. Tenho 20 anos de experi\u00eancia em psicologia cl\u00ednica. Comecei minha forma\u00e7\u00e3o em psican\u00e1lise ainda na faculdade de Psicologia e cont\u00ednuo at\u00e9 hoje me dedicando ao trip\u00e9 da Psican\u00e1lise: an\u00e1lise pessoal, supervis\u00e3o cl\u00ednica e estudos te\u00f3ricos. Tenho vasta experi\u00eancia nos mais diversos campos&hellip;&nbsp;<a href=\"https:\/\/andressadannemannpsi.com.br\/site\/sobre-mim\/\" rel=\"bookmark\">Continue a ler &raquo;<span class=\"screen-reader-text\">Sobre mim<\/span><\/a><\/p>\n","protected":false},"author":1,"featured_media":47,"parent":0,"menu_order":0,"comment_status":"closed","ping_status":"closed","template":"","meta":{"neve_meta_sidebar":"","neve_meta_container":"contained","neve_meta_enable_content_width":"off","neve_meta_content_width":100,"neve_meta_title_alignment":"","neve_meta_author_avatar":"","neve_post_elements_order":"","neve_meta_disable_header":"","neve_meta_disable_footer":"","neve_meta_disable_title":"on","_joinchat":[],"footnotes":""},"class_list":["post-467","page","type-page","status-publish","has-post-thumbnail","hentry"],"_links":{"self":[{"href":"https:\/\/andressadannemannpsi.com.br\/site\/wp-json\/wp\/v2\/pages\/467","targetHints":{"allow":["GET"]}}],"collection":[{"href":"https:\/\/andressadannemannpsi.com.br\/site\/wp-json\/wp\/v2\/pages"}],"about":[{"href":"https:\/\/andressadannemannpsi.com.br\/site\/wp-json\/wp\/v2\/types\/page"}],"author":[{"embeddable":true,"href":"https:\/\/andressadannemannpsi.com.br\/site\/wp-json\/wp\/v2\/users\/1"}],"replies":[{"embeddable":true,"href":"https:\/\/andressadannemannpsi.com.br\/site\/wp-json\/wp\/v2\/comments?post=467"}],"version-history":[{"count":1,"href":"https:\/\/andressadannemannpsi.com.br\/site\/wp-json\/wp\/v2\/pages\/467\/revisions"}],"predecessor-version":[{"id":468,"href":"https:\/\/andressadannemannpsi.com.br\/site\/wp-json\/wp\/v2\/pages\/467\/revisions\/468"}],"wp:featuredmedia":[{"embeddable":true,"href":"https:\/\/andressadannemannpsi.com.br\/site\/wp-json\/wp\/v2\/media\/47"}],"wp:attachment":[{"href":"https:\/\/andressadannemannpsi.com.br\/site\/wp-json\/wp\/v2\/media?parent=467"}],"curies":[{"name":"wp","href":"https:\/\/api.w.org\/{rel}","templated":true}]}}